{"id":1230,"date":"2024-02-06T15:06:48","date_gmt":"2024-02-06T15:06:48","guid":{"rendered":"https:\/\/amigdalacentar.hr\/?post_type=clanci-i-intervjui&#038;p=1230"},"modified":"2024-02-08T09:22:24","modified_gmt":"2024-02-08T09:22:24","slug":"adhd-kod-ucenika-nizih-razreda-osnovne-skole","status":"publish","type":"clanci-i-intervjui","link":"https:\/\/amigdalacentar.hr\/en\/clanci-i-intervjui\/adhd-kod-ucenika-nizih-razreda-osnovne-skole\/","title":{"rendered":"ADHD kod u\u010denika ni\u017eih razreda osnovne \u0161kole"},"content":{"rendered":"<p>Jedan od naj\u010de\u0161\u0107ih poreme\u0107aja dje\u010dje i adolescentske dobi je deficit pa\u017enje ili <br>poreme\u0107aj pozornosti s hiperaktivno\u0161\u0107u (eng. Attention Deficit \/ Hyperactivity Disorder &#8211; <br>ADHD). Definira se kao razvojni poreme\u0107aj nedostatka inhibicije ponas\u030canja koji se oc\u030cituje <br>kao razvojno neodgovaraju\u0107i stupanj nepaz\u030cnje, pretjerane aktivnosti i impulzivnosti, a <br>otez\u030cava samoregulaciju i organizaciju pona\u0161anja u odnosu na budu\u0107nost. (Seku\u0161ak-Gale\u0161ev, <br>2004). <\/p>","protected":false},"featured_media":1196,"template":"","categories":[],"aioseo_notices":[],"_links":{"self":[{"href":"https:\/\/amigdalacentar.hr\/en\/wp-json\/wp\/v2\/clanci-i-intervjui\/1230"}],"collection":[{"href":"https:\/\/amigdalacentar.hr\/en\/wp-json\/wp\/v2\/clanci-i-intervjui"}],"about":[{"href":"https:\/\/amigdalacentar.hr\/en\/wp-json\/wp\/v2\/types\/clanci-i-intervjui"}],"wp:featuredmedia":[{"embeddable":true,"href":"https:\/\/amigdalacentar.hr\/en\/wp-json\/wp\/v2\/media\/1196"}],"wp:attachment":[{"href":"https:\/\/amigdalacentar.hr\/en\/wp-json\/wp\/v2\/media?parent=1230"}],"wp:term":[{"taxonomy":"category","embeddable":true,"href":"https:\/\/amigdalacentar.hr\/en\/wp-json\/wp\/v2\/categories?post=1230"}],"curies":[{"name":"wp","href":"https:\/\/api.w.org\/{rel}","templated":true}]}}

ADHD kod učenika nižih razreda osnovne škole

<p>Jedan od najčešćih poremećaja dječje i adolescentske dobi je deficit pažnje ili <br>poremećaj pozornosti s hiperaktivnošću (eng. Attention Deficit / Hyperactivity Disorder &#8211; <br>ADHD). Definira se kao razvojni poremećaj nedostatka inhibicije ponašanja koji se očituje <br>kao razvojno neodgovarajući stupanj nepažnje, pretjerane aktivnosti i impulzivnosti, a <br>otežava samoregulaciju i organizaciju ponašanja u odnosu na budućnost. (Sekušak-Galešev, <br>2004). </p>
