{"id":1231,"date":"2024-02-06T15:07:47","date_gmt":"2024-02-06T15:07:47","guid":{"rendered":"https:\/\/amigdalacentar.hr\/?post_type=clanci-i-intervjui&#038;p=1231"},"modified":"2024-02-08T09:21:41","modified_gmt":"2024-02-08T09:21:41","slug":"ratni-posttraumatski-stresni-poremecajproblem-djece-oboljelih-roditelja","status":"publish","type":"clanci-i-intervjui","link":"https:\/\/amigdalacentar.hr\/en\/clanci-i-intervjui\/ratni-posttraumatski-stresni-poremecajproblem-djece-oboljelih-roditelja\/","title":{"rendered":"Ratni posttraumatski stresni poreme\u0107aj:problem djece oboljelih roditelja"},"content":{"rendered":"<p>Jedan od dana\u0161njih najprisutnijih i najrazgla\u0161enijih poreme\u0107aja kod odraslih je posttraumatski <br>stresni poreme\u0107aj. Javlja se kod osoba koje su bile izlo\u017eene \u017eivotno ugro\u017eavaju\u0107im iskustvima. <br>Traumati\u010dni do\u017eivljaj uklju\u010duje stvarnu ili prijete\u0107u smrtnu opasnost ili te\u0161ku ozljedu. Stresori koji <br>mogu potaknuti nastanak PTSP-a mogu biti psihi\u010dko, fizi\u010dko ili seksualno zlostavljane, prirodne <br>katastrofe, ozbiljno zanemarivanje u djetinjstvu, kriminalni napadi, te\u0161ke nezgode te ratne traume, <br>koji su naj\u010de\u0161\u0107i razlog PTSP-a u Hrvatskoj. Prema podatcima Vlade Republike Hrvatske, procjenjuje <br>se da je najmanje milijun ljudi bilo izravno izlo\u017eeno ratnom stresu te da je ve\u0107i broj osoba bio <br>sekundarno traumatiziran. <\/p>","protected":false},"featured_media":1193,"template":"","categories":[],"aioseo_notices":[],"_links":{"self":[{"href":"https:\/\/amigdalacentar.hr\/en\/wp-json\/wp\/v2\/clanci-i-intervjui\/1231"}],"collection":[{"href":"https:\/\/amigdalacentar.hr\/en\/wp-json\/wp\/v2\/clanci-i-intervjui"}],"about":[{"href":"https:\/\/amigdalacentar.hr\/en\/wp-json\/wp\/v2\/types\/clanci-i-intervjui"}],"wp:featuredmedia":[{"embeddable":true,"href":"https:\/\/amigdalacentar.hr\/en\/wp-json\/wp\/v2\/media\/1193"}],"wp:attachment":[{"href":"https:\/\/amigdalacentar.hr\/en\/wp-json\/wp\/v2\/media?parent=1231"}],"wp:term":[{"taxonomy":"category","embeddable":true,"href":"https:\/\/amigdalacentar.hr\/en\/wp-json\/wp\/v2\/categories?post=1231"}],"curies":[{"name":"wp","href":"https:\/\/api.w.org\/{rel}","templated":true}]}}

Ratni posttraumatski stresni poremećaj:problem djece oboljelih roditelja

<p>Jedan od današnjih najprisutnijih i najrazglašenijih poremećaja kod odraslih je posttraumatski <br>stresni poremećaj. Javlja se kod osoba koje su bile izložene životno ugrožavajućim iskustvima. <br>Traumatični doživljaj uključuje stvarnu ili prijeteću smrtnu opasnost ili tešku ozljedu. Stresori koji <br>mogu potaknuti nastanak PTSP-a mogu biti psihičko, fizičko ili seksualno zlostavljane, prirodne <br>katastrofe, ozbiljno zanemarivanje u djetinjstvu, kriminalni napadi, teške nezgode te ratne traume, <br>koji su najčešći razlog PTSP-a u Hrvatskoj. Prema podatcima Vlade Republike Hrvatske, procjenjuje <br>se da je najmanje milijun ljudi bilo izravno izloženo ratnom stresu te da je veći broj osoba bio <br>sekundarno traumatiziran. </p>
