{"id":1494,"date":"2024-02-22T18:49:46","date_gmt":"2024-02-22T18:49:46","guid":{"rendered":"https:\/\/amigdalacentar.hr\/?post_type=novosti&#038;p=1494"},"modified":"2024-02-22T18:49:47","modified_gmt":"2024-02-22T18:49:47","slug":"odrzana-psihijatrijska-praksa-u-ozb-nasice","status":"publish","type":"novosti","link":"https:\/\/amigdalacentar.hr\/en\/novosti\/odrzana-psihijatrijska-praksa-u-ozb-nasice\/","title":{"rendered":"Odr\u017eana psihijatrijska praksa u O\u017dB Na\u0161ice"},"content":{"rendered":"<p>Od 5. do 7. sije\u010dnja 2024. godine, dio polaznika propedeutike psihoterapije ponovo je sudjelovao na psihijatrijskog praksi organiziranoj u O\u017dB Na\u0161ice. Kako im je bilo, \u0161to su imali priliku vidjeti i nau\u010diti, prenosimo kroz osvrt jedne od na\u0161ih polaznica kojoj se zahvaljujemo na lijepim rije\u010dima, trudu i anga\u017emanu.<\/p>\n\n\n\n<p><em>\u201cProteklog sam se vikenda na odjelu dnevne psihijatrije bolnice u Na\u0161icama podsjetila na dobrobit psihoterapije i na njenu mo\u0107. Na dobrobit i mo\u0107 jednog holisti\u010dkog pristupa pacijentu\/klijentu, pod vodstvom i mentorstvom dr. med., specijalista psihijatrije i psihoterapeuta Bo\u017eidara Popovi\u0107a.<\/em><\/p>\n\n\n\n<p><em>U dru\u0161tvu kolegica imala sam \u010dast slu\u0161ati svjedo\u010danstva i \u017eivotne pri\u010de ljudi koji su bili oboreni, koji su bili ranjeni, koji su upoznali svoje dno. Vrlo \u010desto vi\u0161e nego jednom.<\/em><\/p>\n\n\n\n<figure class=\"wp-block-image size-large is-resized\"><img fetchpriority=\"high\" decoding=\"async\" width=\"855\" height=\"1024\" src=\"https:\/\/amigdalacentar.hr\/wp-content\/uploads\/2024\/02\/Fotka-uz-Novost-Odrzana-psihijatrijska-praksa-u-OZB-Nasice-855x1024.jpg\" alt=\"\" class=\"wp-image-1495\" style=\"width:317px;height:auto\" srcset=\"https:\/\/amigdalacentar.hr\/wp-content\/uploads\/2024\/02\/Fotka-uz-Novost-Odrzana-psihijatrijska-praksa-u-OZB-Nasice-855x1024.jpg 855w, https:\/\/amigdalacentar.hr\/wp-content\/uploads\/2024\/02\/Fotka-uz-Novost-Odrzana-psihijatrijska-praksa-u-OZB-Nasice-251x300.jpg 251w, https:\/\/amigdalacentar.hr\/wp-content\/uploads\/2024\/02\/Fotka-uz-Novost-Odrzana-psihijatrijska-praksa-u-OZB-Nasice-768x920.jpg 768w, https:\/\/amigdalacentar.hr\/wp-content\/uploads\/2024\/02\/Fotka-uz-Novost-Odrzana-psihijatrijska-praksa-u-OZB-Nasice-1283x1536.jpg 1283w, https:\/\/amigdalacentar.hr\/wp-content\/uploads\/2024\/02\/Fotka-uz-Novost-Odrzana-psihijatrijska-praksa-u-OZB-Nasice-1710x2048.jpg 1710w\" sizes=\"(max-width: 855px) 100vw, 855px\" \/><\/figure>\n\n\n\n<p><em>Uz pomo\u0107 odnosa, povjerenja, individualne ili grupne psihoterapije, ponekad uz lijekove, uz neizostavnu snagu volje i \u017eivotne radoznalosti, uzdigli su se, zacijelili, isplivali ili pak dobro plivaju&#8230;<\/em><\/p>\n\n\n\n<p><em>U svakoj od pri\u010da mogla sam prepoznati dio sebe. Neki dijelovi su prora\u0111eni, neki novi otkriveni, neki jo\u0161 bole, a neki su upravo tog vikenda zacijelili&#8230;<\/em><\/p>\n\n\n\n<p><em>Ono s \u010dime odlazim i \u0161to nam od srca \u017eelim jest da se polako oprostimo od spominjanja rije\u010di psihoterapija (psihijatrija)&#8230; i rije\u010di tabu&#8230; u istoj re\u010denici, u bilo kojem kontekstu!<\/em><\/p>\n\n\n\n<p><em>Mi\u0161ljenja sam kako je ovaj vid prakse veoma koristan svim njenim sudionicima. Kao student propedeutike psihoterapije dobila sam veoma puno, ponajprije u podru\u010dju svog osobnog rasta i razvoja, a potom u profesionalnoj sferi. Vjerujem da je na\u010din na koji je praksa koncipirana tako\u0111er vrlo koristan pacijentima\/klijentima\/gostima koji su s nama podijelili svoje \u017eivotne pri\u010de, na \u010demu sam im veoma zahvalna. Do\u0161la sam&nbsp; bez o\u010dekivanja, a oti\u0161la ganuta, s punom vre\u0107om motivacije i ideja te s vjetrom u le\u0111ima za neke daljnje profesionalne, ali i osobne pothvate.<\/em><\/p>\n\n\n\n<p><em>Hvala!\u201d<\/em><\/p>\n\n\n\n<p>Alenka Kralj,<\/p>\n\n\n\n<p>Pula, 13.01.2024.<\/p>","protected":false},"featured_media":1495,"template":"","aioseo_notices":[],"_links":{"self":[{"href":"https:\/\/amigdalacentar.hr\/en\/wp-json\/wp\/v2\/novosti\/1494"}],"collection":[{"href":"https:\/\/amigdalacentar.hr\/en\/wp-json\/wp\/v2\/novosti"}],"about":[{"href":"https:\/\/amigdalacentar.hr\/en\/wp-json\/wp\/v2\/types\/novosti"}],"wp:featuredmedia":[{"embeddable":true,"href":"https:\/\/amigdalacentar.hr\/en\/wp-json\/wp\/v2\/media\/1495"}],"wp:attachment":[{"href":"https:\/\/amigdalacentar.hr\/en\/wp-json\/wp\/v2\/media?parent=1494"}],"curies":[{"name":"wp","href":"https:\/\/api.w.org\/{rel}","templated":true}]}}

Održana psihijatrijska praksa u OŽB Našice

<p>Od 5. do 7. siječnja 2024. godine, dio polaznika propedeutike psihoterapije ponovo je sudjelovao na psihijatrijskog praksi organiziranoj u OŽB Našice. Kako im je bilo, što su imali priliku vidjeti i naučiti, prenosimo kroz osvrt jedne od naših polaznica kojoj se zahvaljujemo na lijepim riječima, trudu i angažmanu.</p>



<p><em>“Proteklog sam se vikenda na odjelu dnevne psihijatrije bolnice u Našicama podsjetila na dobrobit psihoterapije i na njenu moć. Na dobrobit i moć jednog holističkog pristupa pacijentu/klijentu, pod vodstvom i mentorstvom dr. med., specijalista psihijatrije i psihoterapeuta Božidara Popovića.</em></p>



<p><em>U društvu kolegica imala sam čast slušati svjedočanstva i životne priče ljudi koji su bili oboreni, koji su bili ranjeni, koji su upoznali svoje dno. Vrlo često više nego jednom.</em></p>



<figure class="wp-block-image size-large is-resized"><img fetchpriority="high" decoding="async" width="855" height="1024" src="https://amigdalacentar.hr/wp-content/uploads/2024/02/Fotka-uz-Novost-Odrzana-psihijatrijska-praksa-u-OZB-Nasice-855x1024.jpg" alt="" class="wp-image-1495" style="width:317px;height:auto" srcset="https://amigdalacentar.hr/wp-content/uploads/2024/02/Fotka-uz-Novost-Odrzana-psihijatrijska-praksa-u-OZB-Nasice-855x1024.jpg 855w, https://amigdalacentar.hr/wp-content/uploads/2024/02/Fotka-uz-Novost-Odrzana-psihijatrijska-praksa-u-OZB-Nasice-251x300.jpg 251w, https://amigdalacentar.hr/wp-content/uploads/2024/02/Fotka-uz-Novost-Odrzana-psihijatrijska-praksa-u-OZB-Nasice-768x920.jpg 768w, https://amigdalacentar.hr/wp-content/uploads/2024/02/Fotka-uz-Novost-Odrzana-psihijatrijska-praksa-u-OZB-Nasice-1283x1536.jpg 1283w, https://amigdalacentar.hr/wp-content/uploads/2024/02/Fotka-uz-Novost-Odrzana-psihijatrijska-praksa-u-OZB-Nasice-1710x2048.jpg 1710w" sizes="(max-width: 855px) 100vw, 855px" /></figure>



<p><em>Uz pomoć odnosa, povjerenja, individualne ili grupne psihoterapije, ponekad uz lijekove, uz neizostavnu snagu volje i životne radoznalosti, uzdigli su se, zacijelili, isplivali ili pak dobro plivaju&#8230;</em></p>



<p><em>U svakoj od priča mogla sam prepoznati dio sebe. Neki dijelovi su prorađeni, neki novi otkriveni, neki još bole, a neki su upravo tog vikenda zacijelili&#8230;</em></p>



<p><em>Ono s čime odlazim i što nam od srca želim jest da se polako oprostimo od spominjanja riječi psihoterapija (psihijatrija)&#8230; i riječi tabu&#8230; u istoj rečenici, u bilo kojem kontekstu!</em></p>



<p><em>Mišljenja sam kako je ovaj vid prakse veoma koristan svim njenim sudionicima. Kao student propedeutike psihoterapije dobila sam veoma puno, ponajprije u području svog osobnog rasta i razvoja, a potom u profesionalnoj sferi. Vjerujem da je način na koji je praksa koncipirana također vrlo koristan pacijentima/klijentima/gostima koji su s nama podijelili svoje životne priče, na čemu sam im veoma zahvalna. Došla sam&nbsp; bez očekivanja, a otišla ganuta, s punom vrećom motivacije i ideja te s vjetrom u leđima za neke daljnje profesionalne, ali i osobne pothvate.</em></p>



<p><em>Hvala!”</em></p>



<p>Alenka Kralj,</p>



<p>Pula, 13.01.2024.</p>
