{"id":1987,"date":"2025-10-22T08:21:42","date_gmt":"2025-10-22T08:21:42","guid":{"rendered":"https:\/\/amigdalacentar.hr\/?post_type=novosti&#038;p=1987"},"modified":"2025-10-22T08:30:34","modified_gmt":"2025-10-22T08:30:34","slug":"poziv-na-9-medunarodni-transdisciplinarni-simpozij-bioetika-i-aporije-psihe","status":"publish","type":"novosti","link":"https:\/\/amigdalacentar.hr\/en\/novosti\/poziv-na-9-medunarodni-transdisciplinarni-simpozij-bioetika-i-aporije-psihe\/","title":{"rendered":"Poziv na 9. Me\u0111unarodni transdisciplinarni simpozij \u201cBioetika i aporije psihe\u201d"},"content":{"rendered":"<p>Amigdala centar, kao jedan od suorganizatora, s rado\u0161\u0107u prenosi informaciju o odr\u017eavanju 9. Me\u0111unarodnog transdisciplinarnog simpozija \u201cBioetika i aporije psihe\u201d, koji \u0107e se odr\u017eati 6. i 7. studenoga 2025. godine na vi\u0161e lokacija u Zagrebu.<\/p>\n\n\n\n<p>Simpozij okuplja stru\u010dnjake razli\u010ditih disciplina zainteresirane za dijalog izme\u0111u bioetike, psihoterapije, filozofije i drugih srodnih podru\u010dja, s ciljem promi\u0161ljanja suvremenih pitanja o granicama i izazovima psihe.<\/p>\n\n\n\n<p>Pozivamo sve zainteresirane da svojim sa\u017eecima doprinesu uspje\u0161noj realizaciji simpozija.<br>Rok za slanje sa\u017eetaka je 25. listopada 2025<strong>.<\/strong>, a prijave se \u0161alju na adresu e-po\u0161te: <strong><a>bioetika@psiha.hr<\/a><\/strong>.<\/p>\n\n\n\n<p>Vi\u0161e informacija o skupu dostupno je na mre\u017enim stranicama <strong><a href=\"https:\/\/www.ffrz.unizg.hr\/poziv-za-slanje-sazetaka-9-medunarodni-transdiciplinanrni-simpozij-bioetika-i-aporije-psihe-06-i-07-studeni-2025\/\">Centra za bioetiku Filozofskog fakulteta Dru\u017ebe Isusove u Zagrebu<\/a><\/strong>, kao i na stranicama Hrvatskog udru\u017eenja za filozofsku praksu.<\/p>\n\n\n\n<p>Srda\u010dno pozivamo sve na\u0161e kolegice i kolege da se uklju\u010de i sudjeluju u ovom va\u017enom stru\u010dnom i znanstvenom doga\u0111anju.<\/p>\n\n\n\n<div class=\"wp-block-file\"><a id=\"wp-block-file--media-208cd2fe-e700-4c76-8112-4aec2fb74921\" href=\"https:\/\/amigdalacentar.hr\/wp-content\/uploads\/2025\/10\/Poziv-za-slanje-sazetaka-9.-BiAPs-2025-3.pdf\">Poziv-za-slanje-sazetaka-9.-BiAPs-2025-3<\/a><a href=\"https:\/\/amigdalacentar.hr\/wp-content\/uploads\/2025\/10\/Poziv-za-slanje-sazetaka-9.-BiAPs-2025-3.pdf\" class=\"wp-block-file__button wp-element-button\" download aria-describedby=\"wp-block-file--media-208cd2fe-e700-4c76-8112-4aec2fb74921\">Download<\/a><\/div>\n\n\n\n<div class=\"wp-block-file\"><a id=\"wp-block-file--media-88783d89-8202-4ea1-81c0-74cf9b6c6195\" href=\"https:\/\/amigdalacentar.hr\/wp-content\/uploads\/2025\/10\/9.-BiAPs-6.-7.-studeni-2025.-Obrazac-za-prijavu.docx\">9.-BiAPs-6.-7.-studeni-2025.-Obrazac-za-prijavu<\/a><a href=\"https:\/\/amigdalacentar.hr\/wp-content\/uploads\/2025\/10\/9.-BiAPs-6.-7.-studeni-2025.-Obrazac-za-prijavu.docx\" class=\"wp-block-file__button wp-element-button\" download aria-describedby=\"wp-block-file--media-88783d89-8202-4ea1-81c0-74cf9b6c6195\">Download<\/a><\/div>","protected":false},"featured_media":1501,"template":"","aioseo_notices":[],"_links":{"self":[{"href":"https:\/\/amigdalacentar.hr\/en\/wp-json\/wp\/v2\/novosti\/1987"}],"collection":[{"href":"https:\/\/amigdalacentar.hr\/en\/wp-json\/wp\/v2\/novosti"}],"about":[{"href":"https:\/\/amigdalacentar.hr\/en\/wp-json\/wp\/v2\/types\/novosti"}],"wp:featuredmedia":[{"embeddable":true,"href":"https:\/\/amigdalacentar.hr\/en\/wp-json\/wp\/v2\/media\/1501"}],"wp:attachment":[{"href":"https:\/\/amigdalacentar.hr\/en\/wp-json\/wp\/v2\/media?parent=1987"}],"curies":[{"name":"wp","href":"https:\/\/api.w.org\/{rel}","templated":true}]}}

Poziv na 9. Međunarodni transdisciplinarni simpozij “Bioetika i aporije psihe”

<p>Amigdala centar, kao jedan od suorganizatora, s radošću prenosi informaciju o održavanju 9. Međunarodnog transdisciplinarnog simpozija “Bioetika i aporije psihe”, koji će se održati 6. i 7. studenoga 2025. godine na više lokacija u Zagrebu.</p>



<p>Simpozij okuplja stručnjake različitih disciplina zainteresirane za dijalog između bioetike, psihoterapije, filozofije i drugih srodnih područja, s ciljem promišljanja suvremenih pitanja o granicama i izazovima psihe.</p>



<p>Pozivamo sve zainteresirane da svojim sažecima doprinesu uspješnoj realizaciji simpozija.<br>Rok za slanje sažetaka je 25. listopada 2025<strong>.</strong>, a prijave se šalju na adresu e-pošte: <strong><a>bioetika@psiha.hr</a></strong>.</p>



<p>Više informacija o skupu dostupno je na mrežnim stranicama <strong><a href="https://www.ffrz.unizg.hr/poziv-za-slanje-sazetaka-9-medunarodni-transdiciplinanrni-simpozij-bioetika-i-aporije-psihe-06-i-07-studeni-2025/">Centra za bioetiku Filozofskog fakulteta Družbe Isusove u Zagrebu</a></strong>, kao i na stranicama Hrvatskog udruženja za filozofsku praksu.</p>



<p>Srdačno pozivamo sve naše kolegice i kolege da se uključe i sudjeluju u ovom važnom stručnom i znanstvenom događanju.</p>



<div class="wp-block-file"><a id="wp-block-file--media-208cd2fe-e700-4c76-8112-4aec2fb74921" href="https://amigdalacentar.hr/wp-content/uploads/2025/10/Poziv-za-slanje-sazetaka-9.-BiAPs-2025-3.pdf">Poziv-za-slanje-sazetaka-9.-BiAPs-2025-3</a><a href="https://amigdalacentar.hr/wp-content/uploads/2025/10/Poziv-za-slanje-sazetaka-9.-BiAPs-2025-3.pdf" class="wp-block-file__button wp-element-button" download aria-describedby="wp-block-file--media-208cd2fe-e700-4c76-8112-4aec2fb74921">Download</a></div>



<div class="wp-block-file"><a id="wp-block-file--media-88783d89-8202-4ea1-81c0-74cf9b6c6195" href="https://amigdalacentar.hr/wp-content/uploads/2025/10/9.-BiAPs-6.-7.-studeni-2025.-Obrazac-za-prijavu.docx">9.-BiAPs-6.-7.-studeni-2025.-Obrazac-za-prijavu</a><a href="https://amigdalacentar.hr/wp-content/uploads/2025/10/9.-BiAPs-6.-7.-studeni-2025.-Obrazac-za-prijavu.docx" class="wp-block-file__button wp-element-button" download aria-describedby="wp-block-file--media-88783d89-8202-4ea1-81c0-74cf9b6c6195">Download</a></div>
