{"id":496,"date":"2024-02-01T08:10:38","date_gmt":"2024-02-01T08:10:38","guid":{"rendered":"https:\/\/amigdalacentar.hr\/?post_type=novosti&#038;p=496"},"modified":"2024-02-01T09:38:02","modified_gmt":"2024-02-01T09:38:02","slug":"sirenje-suradnje-amigdala-centra","status":"publish","type":"novosti","link":"https:\/\/amigdalacentar.hr\/en\/novosti\/sirenje-suradnje-amigdala-centra\/","title":{"rendered":"\u0160irenje suradnje Amigdala centra"},"content":{"rendered":"<p>Slijedom dosad ostvarenih brojnih uspje\u0161nih suradnji s ustanovama koje se bave lije\u010denjem, edukacijom, socijalnom i drugim oblicima skrbi, psihosocijalnom podr\u0161kom i pomo\u0107i, Amigdala centar se tijekom posljednjih mjeseci posvetio \u0161irenju mre\u017ee suradni\u010dkih institucija kako bi svojim edukantima i klijentima mogao ponuditi jo\u0161 kvalitetniji i sveobuhvatniji program u kontekstu prakse i iskustvenog u\u010denja.&nbsp;<\/p>\n\n\n\n<p>Nove suradnje, izme\u0111u ostalog, ostvarene su s:&nbsp;<\/p>\n\n\n\n<ul>\n<li>Udrugom \u017denska pomo\u0107 sada koja promi\u010de \u017eenska ljudska prava i unapre\u0111enje&nbsp; odnosa me\u0111u spolovima te pru\u017eanje za\u0161tite pomo\u0107i i podr\u0161ke \u017eenama i djeci \u017ertvama nasilja<\/li>\n\n\n\n<li>Udrugom Pet Plus koja kroz svoj rad poma\u017ee marginaliziranim skupinama dru\u0161tva: osobama s problemom ovisnosti, po\u010diniteljima kaznenih djela i besku\u0107nicima<\/li>\n\n\n\n<li>Centrom za posebno skrbni\u0161tvo koji neovisno zastupa i \u0161titi osobna i imovinska prava i interese djece i odraslih osoba putem posebnog skrbnika<\/li>\n\n\n\n<li>Centrom za pru\u017eanje usluga u zajednici Split \u010dije je stru\u010dno djelovanje usmjereno na djecu i mlade s problemima u pona\u0161anju te one koji su u riziku za razvoj istih, a do navr\u0161ene 18. ili iznimno 21. godine \u017eivota<\/li>\n\n\n\n<li>Caritasom Splitsko-makarske nabiskupije koji djeluje kao pru\u017eatelj socijalnih i karitativnih usluga potrebitima, poti\u010de volonterski rad i suradnju sa svima koji skrbe za potrebite.<\/li>\n\n\n\n<li>Domom za starije i nemo\u0107ne osobe Ku\u0107a svetog Franje<\/li>\n\n\n\n<li>Udrugom za unapre\u0111enje kvalitete \u017eivota LET koja te\u017ei unapre\u0111enju kvalitete \u017eivota ranjivih skupina u hrvatskom dru\u0161tvu osmi\u0161ljavaju\u0107i i provode\u0107i javnozdravstvene programe i pru\u017eaju\u0107i socijalne usluge utemeljene na potrebama svojih korisnika<\/li>\n\n\n\n<li>Hrvatskom udrugom za \u0161kolovanje pasa vodi\u010da i mobilitet koja promi\u010de osnovna ljudska prava i kvalitetu \u017eivljenja slijepih i drugih osoba s invaliditetom, te djece s te\u0161ko\u0107ama u razvoju, stvaraju\u0107i uvjete za njihovu socijalnu uklju\u010denost u zajednicu<\/li>\n\n\n\n<li>O\u0160 Marije Juri\u0107 Zagorke<\/li>\n\n\n\n<li>Dje\u010djim vrti\u0107em Siget<\/li>\n<\/ul>","protected":false},"featured_media":582,"template":"","aioseo_notices":[],"_links":{"self":[{"href":"https:\/\/amigdalacentar.hr\/en\/wp-json\/wp\/v2\/novosti\/496"}],"collection":[{"href":"https:\/\/amigdalacentar.hr\/en\/wp-json\/wp\/v2\/novosti"}],"about":[{"href":"https:\/\/amigdalacentar.hr\/en\/wp-json\/wp\/v2\/types\/novosti"}],"wp:featuredmedia":[{"embeddable":true,"href":"https:\/\/amigdalacentar.hr\/en\/wp-json\/wp\/v2\/media\/582"}],"wp:attachment":[{"href":"https:\/\/amigdalacentar.hr\/en\/wp-json\/wp\/v2\/media?parent=496"}],"curies":[{"name":"wp","href":"https:\/\/api.w.org\/{rel}","templated":true}]}}

Širenje suradnje Amigdala centra

<p>Slijedom dosad ostvarenih brojnih uspješnih suradnji s ustanovama koje se bave liječenjem, edukacijom, socijalnom i drugim oblicima skrbi, psihosocijalnom podrškom i pomoći, Amigdala centar se tijekom posljednjih mjeseci posvetio širenju mreže suradničkih institucija kako bi svojim edukantima i klijentima mogao ponuditi još kvalitetniji i sveobuhvatniji program u kontekstu prakse i iskustvenog učenja.&nbsp;</p>



<p>Nove suradnje, između ostalog, ostvarene su s:&nbsp;</p>



<ul>
<li>Udrugom Ženska pomoć sada koja promiče ženska ljudska prava i unapređenje&nbsp; odnosa među spolovima te pružanje zaštite pomoći i podrške ženama i djeci žrtvama nasilja</li>



<li>Udrugom Pet Plus koja kroz svoj rad pomaže marginaliziranim skupinama društva: osobama s problemom ovisnosti, počiniteljima kaznenih djela i beskućnicima</li>



<li>Centrom za posebno skrbništvo koji neovisno zastupa i štiti osobna i imovinska prava i interese djece i odraslih osoba putem posebnog skrbnika</li>



<li>Centrom za pružanje usluga u zajednici Split čije je stručno djelovanje usmjereno na djecu i mlade s problemima u ponašanju te one koji su u riziku za razvoj istih, a do navršene 18. ili iznimno 21. godine života</li>



<li>Caritasom Splitsko-makarske nabiskupije koji djeluje kao pružatelj socijalnih i karitativnih usluga potrebitima, potiče volonterski rad i suradnju sa svima koji skrbe za potrebite.</li>



<li>Domom za starije i nemoćne osobe Kuća svetog Franje</li>



<li>Udrugom za unapređenje kvalitete života LET koja teži unapređenju kvalitete života ranjivih skupina u hrvatskom društvu osmišljavajući i provodeći javnozdravstvene programe i pružajući socijalne usluge utemeljene na potrebama svojih korisnika</li>



<li>Hrvatskom udrugom za školovanje pasa vodiča i mobilitet koja promiče osnovna ljudska prava i kvalitetu življenja slijepih i drugih osoba s invaliditetom, te djece s teškoćama u razvoju, stvarajući uvjete za njihovu socijalnu uključenost u zajednicu</li>



<li>OŠ Marije Jurić Zagorke</li>



<li>Dječjim vrtićem Siget</li>
</ul>
