{"id":1090,"date":"2024-02-05T13:46:39","date_gmt":"2024-02-05T13:46:39","guid":{"rendered":"https:\/\/amigdalacentar.hr\/?post_type=terapeuti&#038;p=1090"},"modified":"2024-02-05T13:46:40","modified_gmt":"2024-02-05T13:46:40","slug":"lara-radosevic-puharic","status":"publish","type":"terapeuti","link":"https:\/\/amigdalacentar.hr\/en\/terapeuti\/lara-radosevic-puharic\/","title":{"rendered":"Lara Rado\u0161evi\u0107 Puhari\u0107"},"content":{"rendered":"<p>Lara je diplomirana ge\u0161talt psihoterapeutkinja, a diplomu je stekla pri Institutu Psihika EAPTI &#8211; Europski akreditirani psihoterapijski trening Institut \u2013 Centar za psihoterapiju, edukaciju i savjetovanje Zadar. Ina\u010de je medicinska sestra i diplomirana je magistra organizacije, planiranja i upravljanja u zdravstvu. Lara od svoje sedme godine zna da svoj \u017eivot \u017eeli provesti poma\u017eu\u0107i drugima, a psihoterapiju i savjetovanje smatra povratkom sebi i svojoj misiji na ovome svijetu. Zaljubljenik je u medicinu i glazbu, stare knjige, toplinu sunca i iskrenog osmijeha, dobro vino, tihe zagrljaje, prava prijateljstva i ljubav. Podru\u010dje rada je raznoliko, ali ponajvi\u0161e usmjereno na osobni rast i razvoj, gubitke i procese \u017ealovanja, depresivne i anksiozne smetnje, suo\u010davanje s bolestima, te te\u0161ko\u0107e u prilagodbi. Rad isklju\u010divo s odraslom populacijom &#8211; individualno, terapija parova i grupna podr\u0161ka. Ovla\u0161tena psihoterapeutkinja od strane HKPT.<\/p>\n\n\n\n<p>\u200bLara \u017eivi i radi u Rijeci, a u ge\u0161talt psihoterapiji je od 2017. godine.<\/p>","protected":false},"featured_media":1091,"template":"","meta":[],"aioseo_notices":[],"_links":{"self":[{"href":"https:\/\/amigdalacentar.hr\/en\/wp-json\/wp\/v2\/terapeuti\/1090"}],"collection":[{"href":"https:\/\/amigdalacentar.hr\/en\/wp-json\/wp\/v2\/terapeuti"}],"about":[{"href":"https:\/\/amigdalacentar.hr\/en\/wp-json\/wp\/v2\/types\/terapeuti"}],"wp:featuredmedia":[{"embeddable":true,"href":"https:\/\/amigdalacentar.hr\/en\/wp-json\/wp\/v2\/media\/1091"}],"wp:attachment":[{"href":"https:\/\/amigdalacentar.hr\/en\/wp-json\/wp\/v2\/media?parent=1090"}],"curies":[{"name":"wp","href":"https:\/\/api.w.org\/{rel}","templated":true}]}}

Lara Radošević Puharić

<p>Lara je diplomirana geštalt psihoterapeutkinja, a diplomu je stekla pri Institutu Psihika EAPTI &#8211; Europski akreditirani psihoterapijski trening Institut – Centar za psihoterapiju, edukaciju i savjetovanje Zadar. Inače je medicinska sestra i diplomirana je magistra organizacije, planiranja i upravljanja u zdravstvu. Lara od svoje sedme godine zna da svoj život želi provesti pomažući drugima, a psihoterapiju i savjetovanje smatra povratkom sebi i svojoj misiji na ovome svijetu. Zaljubljenik je u medicinu i glazbu, stare knjige, toplinu sunca i iskrenog osmijeha, dobro vino, tihe zagrljaje, prava prijateljstva i ljubav. Područje rada je raznoliko, ali ponajviše usmjereno na osobni rast i razvoj, gubitke i procese žalovanja, depresivne i anksiozne smetnje, suočavanje s bolestima, te teškoće u prilagodbi. Rad isključivo s odraslom populacijom &#8211; individualno, terapija parova i grupna podrška. Ovlaštena psihoterapeutkinja od strane HKPT.</p>



<p>​Lara živi i radi u Rijeci, a u geštalt psihoterapiji je od 2017. godine.</p>
