{"id":1954,"date":"2025-08-19T10:51:09","date_gmt":"2025-08-19T10:51:09","guid":{"rendered":"https:\/\/amigdalacentar.hr\/?post_type=terapeuti&#038;p=1954"},"modified":"2026-02-06T10:32:58","modified_gmt":"2026-02-06T10:32:58","slug":"miro-bozic","status":"publish","type":"terapeuti","link":"https:\/\/amigdalacentar.hr\/en\/terapeuti\/miro-bozic\/","title":{"rendered":"Miro Bo\u017ei\u0107"},"content":{"rendered":"<p>Zovem se Miro Bo\u017ei\u0107 i diplomirani sam savjetodavni terapeut ge\u0161talt psihoterapije te \u010dlan Hrvatske komore psihoterapeuta. <p class=\"MsoNormal\" style=\"margin: 0cm; color: rgb(34, 34, 34); white-space-collapse: collapse; font-size: 12pt; font-family: &quot;Times New Roman&quot;, serif;\">\u00a0<\/p>U svijet psihoterapije u\u0161ao sam 2017. godine, vo\u0111en osobnom potragom za razumijevanjem ljudske prirode. Psihoterapijsko obrazovanje zavr\u0161io sam pri europski akreditiranom institutu EAPTI Psihika, a iskustvo rada s klijentima kontinuirano oboga\u0107ujem stalnim u\u010denjem i osobnim razvojem.<\/p>\n\n\n\n<p>U svom terapijskom radu pristupam razli\u010ditim izazovima kao \u0161to su anksiozni i depresivni poreme\u0107aji, stres, pote\u0161ko\u0107e u partnerskim odnosima, burnout, nisko samopo\u0161tovanje, osje\u0107aj izolacije i usamljenosti, pote\u0161ko\u0107e s koncentracijom, napeti ili nerazrije\u0161eni odnosi te snovi koji izazivaju emocionalnu uznemirenost.\u00a0<\/p>\n\n\n\n<p>\ud83d\udc49 Vi\u0161e informacija mo\u017eete prona\u0107i na mojoj web stranici: <a href=\"http:\/\/www.psihosan-psihoterapija.hr\/\" target=\"_blank\" rel=\"noreferrer noopener\">www.psihosan-psihoterapija.hr<\/a><\/p>","protected":false},"featured_media":2053,"template":"","meta":[],"aioseo_notices":[],"_links":{"self":[{"href":"https:\/\/amigdalacentar.hr\/en\/wp-json\/wp\/v2\/terapeuti\/1954"}],"collection":[{"href":"https:\/\/amigdalacentar.hr\/en\/wp-json\/wp\/v2\/terapeuti"}],"about":[{"href":"https:\/\/amigdalacentar.hr\/en\/wp-json\/wp\/v2\/types\/terapeuti"}],"wp:featuredmedia":[{"embeddable":true,"href":"https:\/\/amigdalacentar.hr\/en\/wp-json\/wp\/v2\/media\/2053"}],"wp:attachment":[{"href":"https:\/\/amigdalacentar.hr\/en\/wp-json\/wp\/v2\/media?parent=1954"}],"curies":[{"name":"wp","href":"https:\/\/api.w.org\/{rel}","templated":true}]}}

Miro Božić

<p>Zovem se Miro Božić i diplomirani sam savjetodavni terapeut geštalt psihoterapije te član Hrvatske komore psihoterapeuta. <p class="MsoNormal" style="margin: 0cm; color: rgb(34, 34, 34); white-space-collapse: collapse; font-size: 12pt; font-family: &quot;Times New Roman&quot;, serif;"> </p>U svijet psihoterapije ušao sam 2017. godine, vođen osobnom potragom za razumijevanjem ljudske prirode. Psihoterapijsko obrazovanje završio sam pri europski akreditiranom institutu EAPTI Psihika, a iskustvo rada s klijentima kontinuirano obogaćujem stalnim učenjem i osobnim razvojem.</p>



<p>U svom terapijskom radu pristupam različitim izazovima kao što su anksiozni i depresivni poremećaji, stres, poteškoće u partnerskim odnosima, burnout, nisko samopoštovanje, osjećaj izolacije i usamljenosti, poteškoće s koncentracijom, napeti ili nerazriješeni odnosi te snovi koji izazivaju emocionalnu uznemirenost. </p>



<p>👉 Više informacija možete pronaći na mojoj web stranici: <a href="http://www.psihosan-psihoterapija.hr/" target="_blank" rel="noreferrer noopener">www.psihosan-psihoterapija.hr</a></p>
