{"id":2007,"date":"2026-01-18T19:33:30","date_gmt":"2026-01-18T19:33:30","guid":{"rendered":"https:\/\/amigdalacentar.hr\/?post_type=terapeuti&#038;p=2007"},"modified":"2026-02-01T15:55:21","modified_gmt":"2026-02-01T15:55:21","slug":"ana-hresc","status":"publish","type":"terapeuti","link":"https:\/\/amigdalacentar.hr\/en\/terapeuti\/ana-hresc\/","title":{"rendered":"Ana Hre\u0161\u0107"},"content":{"rendered":"<p>Ana Hre\u0161\u0107 je terapeutica Integralne tjelesne psihoterapije, a diplomu je stekla u \u0160koli Integralne tjelesne psihoterapije (ITP) u Zagrebu. Zavr\u0161ila je Propedeutiku psihoterapije i \u010dlanica je Hrvatske komore psihoterapeuta. Trenutno se dodatno usavr\u0161ava kroz edukacije iz Somatic Experiencinga, Sistemskih konstelacija i Voditeljskog treninga u ITP \u0161koli, gdje tako\u0111er asistira na radionicama.<\/p>\n\n\n\n<p>Ana je svoj interes za ljudsko iskustvo i psiholo\u0161ka pitanja razvijala kroz osobno i profesionalno obrazovanje. Kroz rad i edukacije kontinuirano produbljuje svoja znanja i vje\u0161tine u podru\u010dju tjelesne psihoterapije, rada s traumom, istra\u017eivanja me\u0111uljudskih i obiteljskih obrazaca te cjelovitog pristupa ljudskom iskustvu i zdravlju.<\/p>\n\n\n\n<p>U radu s klijentima primjenjuje pristup temeljen na po\u0161tovanju, prihva\u0107anju i istra\u017eivanju unutarnjih iskustava. Posebnu pa\u017enju posve\u0107uje povezanosti tijela i uma, biologiji, neurologiji i emocijama. Ana pru\u017ea psihoterapijsku podr\u0161ku osobama koje se suo\u010davaju s emocionalnim izazovima, stresom, traumama, pote\u0161ko\u0107ama u odnosima, pitanjima identiteta, \u017eivotnim tranzicijama, gubitkom i tugom, anksiozno\u0161\u0107u, depresijom ili unutarnjim konfliktima. Tako\u0111er radi s klijentima koji \u017eele razviti ve\u0107u tjelesnu i emocionalnu svijest te istra\u017eiti osobni rast i ravnote\u017eu.<\/p>\n\n\n\n<p>U svom radu Ana njeguje sigurni i podr\u017eavaju\u0107i prostor u kojem klijenti mogu slobodno istra\u017eivati vlastita iskustva. Poti\u010de svjesnost i refleksiju, vjeruju\u0107i da proces istra\u017eivanja vlastitih osje\u0107aja i iskustava mo\u017ee biti vrijedan i oboga\u0107uju\u0107i. Pristup temelji na suradnji i me\u0111usobnom po\u0161tovanju, uz pa\u017eljivo slu\u0161anje i prisutnost u trenutku. Ana te\u017ei tome da svaki susret bude prilika za razumijevanje i osvje\u0161tavanje unutarnjih procesa, uz po\u0161tivanje jedinstvenosti svakog klijenta.<\/p>\n\n\n\n<p>Kao terapeutica nastoji biti prisutna, pouzdana i inspirativna u svom radu. Inspiraciju pronalazi u planinskim sportovima, prirodi, glazbi, plesu, putovanjima i kontinuiranom u\u010denju, \u0161to podr\u017eava njezin razvoj kao osobe i terapeuta.<\/p>\n\n\n\n<p>Terapije vodi u\u017eivo u Vara\u017edinu i Ljubljani prema dogovoru te online, na hrvatskom, slovenskom i engleskom jeziku. Radi individualno s odraslima.<\/p>","protected":false},"featured_media":2008,"template":"","meta":[],"aioseo_notices":[],"_links":{"self":[{"href":"https:\/\/amigdalacentar.hr\/en\/wp-json\/wp\/v2\/terapeuti\/2007"}],"collection":[{"href":"https:\/\/amigdalacentar.hr\/en\/wp-json\/wp\/v2\/terapeuti"}],"about":[{"href":"https:\/\/amigdalacentar.hr\/en\/wp-json\/wp\/v2\/types\/terapeuti"}],"wp:featuredmedia":[{"embeddable":true,"href":"https:\/\/amigdalacentar.hr\/en\/wp-json\/wp\/v2\/media\/2008"}],"wp:attachment":[{"href":"https:\/\/amigdalacentar.hr\/en\/wp-json\/wp\/v2\/media?parent=2007"}],"curies":[{"name":"wp","href":"https:\/\/api.w.org\/{rel}","templated":true}]}}

Ana Hrešć

<p>Ana Hrešć je terapeutica Integralne tjelesne psihoterapije, a diplomu je stekla u Školi Integralne tjelesne psihoterapije (ITP) u Zagrebu. Završila je Propedeutiku psihoterapije i članica je Hrvatske komore psihoterapeuta. Trenutno se dodatno usavršava kroz edukacije iz Somatic Experiencinga, Sistemskih konstelacija i Voditeljskog treninga u ITP školi, gdje također asistira na radionicama.</p>



<p>Ana je svoj interes za ljudsko iskustvo i psihološka pitanja razvijala kroz osobno i profesionalno obrazovanje. Kroz rad i edukacije kontinuirano produbljuje svoja znanja i vještine u području tjelesne psihoterapije, rada s traumom, istraživanja međuljudskih i obiteljskih obrazaca te cjelovitog pristupa ljudskom iskustvu i zdravlju.</p>



<p>U radu s klijentima primjenjuje pristup temeljen na poštovanju, prihvaćanju i istraživanju unutarnjih iskustava. Posebnu pažnju posvećuje povezanosti tijela i uma, biologiji, neurologiji i emocijama. Ana pruža psihoterapijsku podršku osobama koje se suočavaju s emocionalnim izazovima, stresom, traumama, poteškoćama u odnosima, pitanjima identiteta, životnim tranzicijama, gubitkom i tugom, anksioznošću, depresijom ili unutarnjim konfliktima. Također radi s klijentima koji žele razviti veću tjelesnu i emocionalnu svijest te istražiti osobni rast i ravnotežu.</p>



<p>U svom radu Ana njeguje sigurni i podržavajući prostor u kojem klijenti mogu slobodno istraživati vlastita iskustva. Potiče svjesnost i refleksiju, vjerujući da proces istraživanja vlastitih osjećaja i iskustava može biti vrijedan i obogaćujući. Pristup temelji na suradnji i međusobnom poštovanju, uz pažljivo slušanje i prisutnost u trenutku. Ana teži tome da svaki susret bude prilika za razumijevanje i osvještavanje unutarnjih procesa, uz poštivanje jedinstvenosti svakog klijenta.</p>



<p>Kao terapeutica nastoji biti prisutna, pouzdana i inspirativna u svom radu. Inspiraciju pronalazi u planinskim sportovima, prirodi, glazbi, plesu, putovanjima i kontinuiranom učenju, što podržava njezin razvoj kao osobe i terapeuta.</p>



<p>Terapije vodi uživo u Varaždinu i Ljubljani prema dogovoru te online, na hrvatskom, slovenskom i engleskom jeziku. Radi individualno s odraslima.</p>
